{"id":2429,"date":"2015-01-31T15:11:34","date_gmt":"2015-01-31T13:11:34","guid":{"rendered":"https:\/\/kugumuzik.com\/?page_id=2429"},"modified":"2023-07-07T16:59:29","modified_gmt":"2023-07-07T13:59:29","slug":"model-125-f-concert-piano","status":"publish","type":"page","link":"https:\/\/kugumuzik.com\/eng\/august-forster\/model-125-f-concert-piano\/","title":{"rendered":"model 125 F &#8211; Concert Piano"},"content":{"rendered":"<div class=\"fusion-fullwidth fullwidth-box fusion-builder-row-1 hundred-percent-fullwidth non-hundred-percent-height-scrolling\" style=\"--awb-border-radius-top-left:0px;--awb-border-radius-top-right:0px;--awb-border-radius-bottom-right:0px;--awb-border-radius-bottom-left:0px;--awb-overflow:visible;--awb-flex-wrap:wrap;\" ><div class=\"fusion-builder-row fusion-row\"><div class=\"fusion-layout-column fusion_builder_column fusion-builder-column-0 fusion_builder_column_2_3 2_3 fusion-two-third fusion-column-first\" style=\"--awb-bg-size:cover;width:65.3333%; margin-right: 4%;\"><div class=\"fusion-column-wrapper fusion-flex-column-wrapper-legacy\"><div class=\"fusion-text fusion-text-1\" style=\"--awb-text-transform:none;\"><p><a href=\"https:\/\/kugumuzik.com\/august-forster\/\">August F\u00d6RSTER<\/a><\/p>\n<h1><strong>Model 125 F \u2013 Concert Piano<\/strong><\/h1>\n<p><strong>Ses tahtas\u0131 \u00a0:<\/strong><strong>\u0130nce ve konturlu masif ladinden yap\u0131lm\u0131\u015f ses tahtas\u0131<\/strong><\/p>\n<p><strong>Demir d\u00f6k\u00fcm-Frame : <\/strong>Kay\u0131n a\u011fac\u0131 \u00e7er\u00e7eve, ladin kiri\u015flerle yap\u0131lm\u0131\u015ft\u0131r.<\/p>\n<p><strong>K\u00f6pr\u00fcler : <\/strong>Sert ak\u00e7aa\u011fa\u00e7<\/p>\n<p><strong>Plate-Plaka : <\/strong><strong>Geneleksel yava\u015fve kum d\u00f6k\u00fcm y\u00f6ntemiyle yap\u0131lm\u0131\u015ft\u0131r. Saf demir.<\/strong><\/p>\n<h3><strong>Mekanizma : <\/strong><strong>Renner mekanizma<\/strong><\/h3>\n<p><strong>\u00c7eki\u00e7ler : <\/strong>Renner \u00e7eki\u00e7<\/p>\n<p><strong>Tu\u015flar : <\/strong>Tek tek dengeli ve a\u011f\u0131rl\u0131kl\u0131 ladin tu\u015flar<\/p>\n<p><strong>Pin Blok : <\/strong>\u00a019 kat , lamine\u00a0 kay\u0131n<\/p>\n<p><strong>Akort pinleri : <\/strong>Alman \u201cDiamant\u201d akort pinleri,<\/p>\n<p><strong>Teller \u00a0: <\/strong>\u201cR\u00f6slau\u201d tel<\/p>\n<p><strong>Di\u011fer \u00f6zellikler<\/strong><\/p>\n<pre><strong>\u00b7 <\/strong><strong>Kat\u0131 pirin\u00e7 tekerler<\/strong>\r\n\u00b7 Arka k\u00f6pr\u00fcl\u00fc (backbridge)\u00a0 ses tahtas\u0131<\/pre>\n<p><strong>F\u0130YAT: 24.890-\u20ac+KDV<\/strong><\/p>\n<\/div><div class=\"fusion-image-element in-legacy-container\" style=\"--awb-caption-title-font-family:var(--h2_typography-font-family);--awb-caption-title-font-weight:var(--h2_typography-font-weight);--awb-caption-title-font-style:var(--h2_typography-font-style);--awb-caption-title-size:var(--h2_typography-font-size);--awb-caption-title-transform:var(--h2_typography-text-transform);--awb-caption-title-line-height:var(--h2_typography-line-height);--awb-caption-title-letter-spacing:var(--h2_typography-letter-spacing);\"><span class=\" fusion-imageframe imageframe-none imageframe-1 hover-type-none\"><img decoding=\"async\" width=\"225\" height=\"225\" alt=\"model 125 F - Concert Piano\" title=\"model 125 F &#8211; Concert Piano\" src=\"https:\/\/kugumuzik.com\/wp-content\/uploads\/download.jpg\" class=\"img-responsive wp-image-9544\" srcset=\"https:\/\/kugumuzik.com\/eng\/wp-content\/uploads\/download-200x200.jpg 200w, https:\/\/kugumuzik.com\/eng\/wp-content\/uploads\/download.jpg 225w\" sizes=\"(max-width: 800px) 100vw, 225px\" \/><\/span><\/div><div class=\"fusion-clearfix\"><\/div><\/div><\/div><\/div><\/div>\n","protected":false},"excerpt":{"rendered":"","protected":false},"author":1,"featured_media":0,"parent":1840,"menu_order":0,"comment_status":"closed","ping_status":"open","template":"","meta":{"_joinchat":[],"footnotes":""},"class_list":["post-2429","page","type-page","status-publish","hentry"],"_links":{"self":[{"href":"https:\/\/kugumuzik.com\/eng\/wp-json\/wp\/v2\/pages\/2429","targetHints":{"allow":["GET"]}}],"collection":[{"href":"https:\/\/kugumuzik.com\/eng\/wp-json\/wp\/v2\/pages"}],"about":[{"href":"https:\/\/kugumuzik.com\/eng\/wp-json\/wp\/v2\/types\/page"}],"author":[{"embeddable":true,"href":"https:\/\/kugumuzik.com\/eng\/wp-json\/wp\/v2\/users\/1"}],"replies":[{"embeddable":true,"href":"https:\/\/kugumuzik.com\/eng\/wp-json\/wp\/v2\/comments?post=2429"}],"version-history":[{"count":6,"href":"https:\/\/kugumuzik.com\/eng\/wp-json\/wp\/v2\/pages\/2429\/revisions"}],"predecessor-version":[{"id":10719,"href":"https:\/\/kugumuzik.com\/eng\/wp-json\/wp\/v2\/pages\/2429\/revisions\/10719"}],"up":[{"embeddable":true,"href":"https:\/\/kugumuzik.com\/eng\/wp-json\/wp\/v2\/pages\/1840"}],"wp:attachment":[{"href":"https:\/\/kugumuzik.com\/eng\/wp-json\/wp\/v2\/media?parent=2429"}],"curies":[{"name":"wp","href":"https:\/\/api.w.org\/{rel}","templated":true}]}}